{"id":515,"date":"2013-11-26T21:04:08","date_gmt":"2013-11-26T20:04:08","guid":{"rendered":"http:\/\/www.ziebke.net\/blog\/?page_id=515"},"modified":"2018-03-17T15:20:00","modified_gmt":"2018-03-17T14:20:00","slug":"der-blog-und-sein-autor","status":"publish","type":"page","link":"https:\/\/www.ziebke.net\/blog\/der-blog-und-sein-autor\/","title":{"rendered":"Der Blog und sein Autor"},"content":{"rendered":"<p>In diesem <a title=\"Definition von Privat\" href=\"https:\/\/www.ziebke.net\/blog\/der-blog-und-sein-autor\/definition-von-privat\/\" target=\"_blank\" rel=\"noopener\">privaten Blog<\/a> landen alle m\u00f6glichen Themen: Politisches, haupts\u00e4chlich aus den Bereichen Medien- und Netzpolitik, Sicherheitspolitik und Kommunalpolitik, Juristisches, Allgemeines, selten auch mal Privates und ab und an Grunds\u00e4tzliches.<\/p>\n<p>Dieser Blog existiert in dieser Form seit November 2007. Schon seit Ende der Neunziger hatte ich immer mal wieder mit eigenen Seiten experimentiert, mal unter WordPress, zwischendurch auch mal unter Serendipity, bis ich diesen Blog dann im Herbst 2007 neu und sauber aufgesetzt habe.<\/p>\n<p><del datetime=\"2014-07-29T13:28:37+00:00\">&#8222;Meine Sicht der Dinge&#8220; &#8211; es gibt sicher deutlich spektakul\u00e4rere Blogtitel, aber damals wollte ich den Blog zum Laufen kriegen und der Titel war nun nichts, wor\u00fcber ich mir gro\u00dfe Gedanken gemacht habe. Und jetzt bleibt er, unspektakul\u00e4r wie er ist, erstmal so &#8211; bis mir irgendwann mal was besseres einf\u00e4llt.<\/del><\/p>\n<p>&#8222;punctum saliens&#8220; ist seit Juli 2014 der Titel meines Blogs. Nach einigen Gedankenspielen geht es jetzt um den springenden Punkt &#8211; oder wie Heinz Erhardt sagen w\u00fcrden, um das h\u00fcpfende Komma.<\/p>\n<p>Der Autor (*1980) hat die Zwanziger unl\u00e4ngst hinter sich gelassen, ist geb\u00fcrtiger Hamburger und wohnt seit jungen Jahren nicht unweit der sch\u00f6nsten Stadt der Welt im sch\u00f6nsten Fl\u00e4chenland der Welt.<\/p>\n","protected":false},"excerpt":{"rendered":"<p>In diesem privaten Blog landen alle m\u00f6glichen Themen: Politisches, haupts\u00e4chlich aus den Bereichen Medien- und Netzpolitik, Sicherheitspolitik und Kommunalpolitik, Juristisches, Allgemeines, selten auch mal Privates und ab und an Grunds\u00e4tzliches. Dieser Blog existiert in dieser Form seit November 2007. Schon seit Ende der Neunziger hatte ich immer mal wieder mit eigenen Seiten experimentiert, mal unter [&hellip;]<\/p>\n","protected":false},"author":2,"featured_media":0,"parent":0,"menu_order":0,"comment_status":"closed","ping_status":"closed","template":"","meta":{"jetpack_post_was_ever_published":false,"footnotes":""},"class_list":["post-515","page","type-page","status-publish","hentry"],"jetpack_shortlink":"https:\/\/wp.me\/P48LCi-8j","jetpack_sharing_enabled":true,"_links":{"self":[{"href":"https:\/\/www.ziebke.net\/blog\/wp-json\/wp\/v2\/pages\/515","targetHints":{"allow":["GET"]}}],"collection":[{"href":"https:\/\/www.ziebke.net\/blog\/wp-json\/wp\/v2\/pages"}],"about":[{"href":"https:\/\/www.ziebke.net\/blog\/wp-json\/wp\/v2\/types\/page"}],"author":[{"embeddable":true,"href":"https:\/\/www.ziebke.net\/blog\/wp-json\/wp\/v2\/users\/2"}],"replies":[{"embeddable":true,"href":"https:\/\/www.ziebke.net\/blog\/wp-json\/wp\/v2\/comments?post=515"}],"version-history":[{"count":13,"href":"https:\/\/www.ziebke.net\/blog\/wp-json\/wp\/v2\/pages\/515\/revisions"}],"predecessor-version":[{"id":871,"href":"https:\/\/www.ziebke.net\/blog\/wp-json\/wp\/v2\/pages\/515\/revisions\/871"}],"wp:attachment":[{"href":"https:\/\/www.ziebke.net\/blog\/wp-json\/wp\/v2\/media?parent=515"}],"curies":[{"name":"wp","href":"https:\/\/api.w.org\/{rel}","templated":true}]}}